s digit of 2/(-8) + a/4?
8
Suppose -n - 4 = n. Let f(y) = 2*y - 12. Let t be f(8). Let l = t - n. What is the units digit of l?
6
What is the units digit of (1 + -1*2)/(2/(-194))?
7
Let k(g) = -g**3 + g + 75. Let f be k(0). Suppose -j - 4*j = f. What is the units digit of (25/j)/((-2)/12)?
0
Suppose 6*b = 4*b + 8. Let k be (-6)/(-3) + 1*b. What is the units digit of 0 - (-2)/(k/27)?
9
Suppose 0 = -n - 2*n + 132. What is the units digit of n?
4
Suppose -2*a = 3*s + 99, -3*s = 4*a + 2*s + 203. What is the units digit of 2/(-6)*1*a?
9
Let k = 4 - 0. Suppose k*f + 9 = 3*p, 1 = p - 3*f + f. What is the units digit of p?
7
Suppose 5*x - g - 57 = -22, 30 = 5*x - 2*g. Suppose -5*w + 26 = 3*c, 5*w = 3*c + 6 + x. Suppose p = -p - 4*j + 2, -2*p + 6 = c*j. What is the units digit of p?
5
Suppose 5*m + 5*p - 10 = 0, -3 = m + 3*p - 9. Suppose t = -3*t - i + 73, 5*t + 5*i - 110 = m. What is the tens digit of t?
1
Suppose -q - 1 + 0 = 0. Suppose -7*s + 14 = -0*s. Let k = s - q. What is the units digit of k?
3
Let r(n) = 4*n**3 - 10*n**2 + 33*n + 6. What is the tens digit of r(5)?
2
Suppose 0 = r - 1 - 7. Let d = r - 8. Suppose 5*q + 3*z - 16 - 15 = d, 4*q = -3*z + 26. What is the units digit of q?
5
Let w = 15 + -12. Suppose -4*f + 21 = -3*u, -2 + w = u. What is the units digit of f?
6
What is the units digit of 928/52 - (-10)/65?
8
Let p = -303 + 494. What is the units digit of p?
1
Let u be (2/(-4))/(1/(-32)). Suppose -4*g = -u - 4. Suppose 16 = -2*j + 4*d, 5*d - 4*d = g. What is the units digit of j?
2
Let f(a) = -a**2 + 11*a - 5. What is the units digit of f(7)?
3
Suppose 0 = -2*t - 5*a - 4, 4*a + 5 = -t - 0. Suppose 2*h = 4*b - 10, -t*h = 2*b - 2*h - 3. Suppose -2*m + 68 = b*m. What is the units digit of m?
7
Suppose -8*j - 885 = -13*j. What is the hundreds digit of j?
1
Let s(r) = 12*r**2 - 12*r**2 - r**3. What is the units digit of s(-1)?
1
Suppose 3*d + 155 - 505 = -5*f, -3*f - 4*d + 199 = 0. What is the tens digit of f?
7
Let m(g) = g**2 - 5*g - 33. What is the units digit of m(16)?
3
Let p = -116 + 201. What is the units digit of p?
5
Let k(h) be the second derivative of h**3/6 + 3*h**2/2 + 3*h. What is the units digit of k(2)?
5
Let f(s) = 3*s - 4. Let h be f(3). Suppose -2*a + 51 = h*v, 0*v + 38 = a + 5*v. Suppose 2*z = z + a. What is the units digit of z?
3
Let d = 4 - -137. What is the tens digit of d?
4
Suppose -s - 2 = -p, -4 + 14 = -5*p. Let m(q) = 1 + 2*q - 4 - 4*q. What is the units digit of m(s)?
5
Let o = 170 + -97. What is the units digit of o?
3
What is the tens digit of 120/2 - 6/3?
5
Let g(b) = 8*b**2 + 4 + 3 - 5 - 4*b. What is the units digit of g(2)?
6
Suppose 0 = 19*f - 5931 + 687. What is the tens digit of f?
7
Let d = 90 + -41. What is the units digit of d?
9
Let u = 39 - 37. Let a = -105 + 189. Suppose -2*v + a = u*v. What is the tens digit of v?
2
Suppose -5*f - 6 = -3*s, 6*s = 2*s + 5*f + 13. Let y = -5 + s. Suppose 0 = -0*n - n + y. What is the units digit of n?
2
Let l(s) = 6*s + 8. What is the tens digit of l(7)?
5
Let i = 43 + -3. Suppose 0 = 6*h - h + i. Let t(a) = a + 9. What is the units digit of t(h)?
1
Suppose -4*a + 3*u = -81, 10 + 7 = a - 4*u. What is the tens digit of a?
2
Suppose i - 2 = 33. What is the tens digit of i?
3
Suppose 5*h - 3*h - 28 = 4*b, 0 = 2*h + 2*b - 40. Let w be h*((-10)/(-4) + 0). Suppose 5*a - w = -4*p, -2*p + 5*a + 30 = -p. What is the units digit of p?
5
Suppose 2*u = -5*b - 0*u - 74, 2*b + u + 30 = 0. Suppose 5*j = 100 - 0. Let k = j + b. What is the units digit of k?
6
Let w be -2 + (-15)/6*4. Let r = w + 21. What is the units digit of r?
9
Let q = 55 + -31. Suppose 3*y + 5*n - q = 0, -4*n = 2*y - 2*n - 16. What is the units digit of y?
8
Let n(l) = -4 - 5 + 2*l - 4*l. Let w be n(-6). What is the units digit of 8/w*36/16?
6
Let o(y) = -y**2 - 7*y + 8. Let n be o(-8). Suppose h = 2 - n. What is the units digit of h?
2
Let x(w) = w**3 + 15*w**2 + 13*w - 10. Let q be x(-14). Suppose -120 = q*y - 8*y. What is the tens digit of y?
3
Suppose -3*c - 3 = -3*n, 0 = -4*n - 0*c + 2*c + 10. Suppose 2*z + 0*z = n. What is the units digit of z?
2
Let a(r) = -4 - 4*r + 3*r + 0. Let s be (-2)/5 + (-152)/20. What is the units digit of a(s)?
4
Let u(a) = 4*a + 1. What is the units digit of u(2)?
9
Suppose l - 4 = -2. Suppose 5*d + 18 = 3*s, 2*d + l*d = 0. Suppose -2*q - 8 = -s*q. What is the units digit of q?
2
Let a = 5 - 14. Let q(n) = -n + 7. What is the units digit of q(a)?
6
Suppose -5*b + 152 = -483. What is the units digit of b?
7
Let h(d) = -3*d + 14. Let z be h(7). Let m(s) = 2*s**2 + 8*s + 4. What is the units digit of m(z)?
6
Let t = 20 + 343. What is the units digit of t?
3
Let z = 63 + -23. What is the units digit of z?
0
Suppose -11 - 1 = 2*m. Let r(w) be the first derivative of -w**3/3 - 9*w**2/2 - 5*w - 1. What is the units digit of r(m)?
3
Suppose 5*a - 12 = -7*a. What is the units digit of a?
1
Suppose 3*c - 18 = 6. Let n be 3/(-3)*(-20 - 0). What is the units digit of 5/n + 54/c?
7
Let p(j) = j - 8. Let r be p(7). Let m = 6 + r. Suppose 32 - 12 = -m*k, 5*k = 5*o - 40. What is the units digit of o?
4
Suppose 0 = -n + 5*d + 46, 5*d = -4*n + 4*d + 268. What is the units digit of n?
6
Suppose f + 5 = -3*c, -c + 2*c = -4. Let t = f - 4. What is the units digit of t?
3
Let h(q) = 10*q**2 - 2*q + 1. What is the units digit of h(1)?
9
Suppose 2*u + 2*r = 112, 5*r - 3 = u - 77. Suppose 11 + u = 5*b. What is the units digit of b?
4
Suppose -3*f + c = 3, 5*f - 4*c + 18 = 6. Suppose -2*h = -f*h - 4. What is the units digit of h?
2
Let c be (-8)/6*(-9)/2. Let g = -26 - -21. Let w = g + c. What is the units digit of w?
1
Suppose u - 26 = -4*c + 3*c, -4*u + 86 = -5*c. What is the tens digit of u?
2
Let d(u) = u**2 - 6*u + 13. What is the units digit of d(7)?
0
Suppose 0 = 2*r - 4 - 4. Suppose -4*p + 14 = 4*b - 22, 3*b - 3*p = -3. Suppose -b = -r*j + 16. What is the units digit of j?
5
Let f(l) = 3*l - 7. Let q be f(-12). What is the units digit of (-9)/15 + q/(-5)?
8
Let c be 22/10 + (-4)/20. Suppose m + c*g = -m + 10, g = -4*m + 14. Suppose 6 = w - 4*o, -m*w + 2*o + 9 = -o. What is the units digit of w?
2
Suppose 2*q = 10, 2*r + 2*q - 177 = 275. What is the units digit of r?
1
Suppose 57 = 5*c - 73. Let m = c - 6. What is the tens digit of (-32)/(-6)*45/m?
1
Let s = 39 - 28. What is the units digit of s?
1
Let l = 107 + -72. What is the tens digit of l?
3
Let s(x) = -x**2 - 8*x + 9. Let a be ((-4)/(-10))/((-3)/60). What is the units digit of s(a)?
9
Let f be 1/(-5) - (-48)/(-10). Let g = -1 - f. Suppose g*u + 15 = 67. What is the units digit of u?
3
Let j be (-12)/(-10)*(-90)/(-12). Suppose 19 = 5*b + k - j, 6 = -3*k. What is the units digit of b?
6
Let h be -1 - (-1 + -1 + 2). Let i(u) = -14*u. What is the tens digit of i(h)?
1
Let y(z) = -2 - 3 + 2 - z**2 - 6*z. Let q(f) = -f**2 + 8*f - 10. Let g be q(7). What is the units digit of y(g)?
6
Let o(c) be the third derivative of c**4/24 + c**3/3 - c**2. Let m be o(0). Let w(b) = 3*b - 3. What is the units digit of w(m)?
3
Suppose -3*m - 1 = 2. Let a = m + 3. What is the units digit of a?
2
Let k = -304 + 432. What is the units digit of k?
8
Suppose 0 = -79*y + 85*y - 1272. What is the hundreds digit of y?
2
Let n be ((-4)/(-3))/((-8)/12). Let y = 5 + n. Suppose 17 = -y*b + 80. What is the tens digit of b?
2
Let c = 160 - -102. What is the hundreds digit of c?
2
Suppose 0*p - 3*m = 5*p - 57, 0 = -5*p + 4*m + 29. What is the units digit of p?
9
Let w(v) = 8*v**2 + 9*v**3 - 8*v**3 - 6 + 0*v - v. Let i be w(-8). What is the units digit of 1 + i/6*0?
1
Let j(b) = -4*b + 16. What is the units digit of j(-4)?
2
Let z(r) = -r**2 - r. Let n be z(-1). Let k be n - 4*(-2 - 5). Suppose -v + 4 = 0, -k = -3*c - 4*v - 6. What is the units digit of c?
2
Suppose -1 + 9 = -4*b + 4*q, 3*q - 4 = 2*b. Let z(r) = -7*r - 1. What is the tens digit of z(b)?
1
Let n = 130 - 31. What is the tens digit of n?
9
Suppose -188 = -3*s - h, -90 = -2*s + h + 32. What is the tens digit of s?
6
Suppose -5*k + 5*d = -40, -k + 3*k + 4 = -3*d. Suppose k*t = -3*u + 5*u - 34, -u + 15 = -t. What is the tens digit of u?
1
Let m(o) be the first derivative of -o**3/3 - 5*o**2/2 - 2*o - 4. Let d = -2 + -2. What is the units digit of m(d)?
2
Suppose -20 = 7*g - 405. What is the tens digit of g?
5
